
2, 3, 61, 9128929
What are the prime factors of 1671564219?
3, 13, 17, 41, 61493
What are the prime factors of 1401189970?
2, 5, 71, 1973507
List the prime factors of 264685341.
3, 47, 479, 3919
List the prime factors of 41216213.
41216213
List the prime factors of 94812372.
2, 3, 2633677
List the prime factors of 90055860.
2, 3, 5, 1500931
List the prime factors of 101087911.
101087911
What are the prime factors of 559659695?
5, 7, 15990277
What are the prime factors of 476592038?
2, 13, 67, 137, 1997
What are the prime factors of 225548344?
2, 7, 1987, 2027
What are the prime factors of 3650209675?
5, 7, 607, 4909
What are the prime factors of 2886938017?
23873, 120929
What are the prime factors of 53235725?
5, 47, 45307
List the prime factors of 53926346.
2, 17, 71, 89, 251
What are the prime factors of 444773106?
2, 3, 107, 2851
What are the prime factors of 1056953626?
2, 4513, 117101
List the prime factors of 71713979.
61, 127, 9257
What are the prime factors of 51098114?
2, 61, 418837
What are the prime factors of 2934627477?
3, 23, 42530833
What are the prime factors of 84834230?
2, 5, 13, 547, 1193
What are the prime factors of 127931371?
4483, 28537
List the prime factors of 29017519.
31, 151, 6199
What are the prime factors of 5767342062?
2, 3, 43, 22354039
What are the prime factors of 526535914?
2, 3691, 71327
What are the prime factors of 1075016818?
2, 283, 1899323
List the prime factors of 138204283.
7, 787, 25087
What are the prime factors of 2052736958?
2, 53, 19365443
What are the prime factors of 1227950734?
2, 19, 31, 251, 4153
List the prime factors of 8166865.
5, 7, 19, 12281
List the prime factors of 20985270.
2, 3, 5, 29, 24121
List the prime factors of 44534758.
2, 61, 365039
What are the prime factors of 1661867426?
2, 830933713
What are the prime factors of 2595470515?
5, 11, 47190373
List the prime factors of 27213368.
2, 7, 13, 29, 1289
What are the prime factors of 1615316866?
2, 197, 4099789
List the prime factors of 683619057.
3, 11, 89, 77587
What are the prime factors of 282638426?
2, 7, 20188459
List the prime factors of 3704662693.
19, 23, 281, 30169
What are the prime factors of 5156440985?
5, 83, 12425159
What are the prime factors of 98395170?
2, 3, 5, 773, 4243
What are the prime factors of 2581083451?
251, 10283201
List the prime factors of 1629917437.
13487, 120851
What are the prime factors of 28164586?
2, 2689, 5237
What are the prime factors of 1505217375?
3, 5, 1337971
What are the prime factors of 2564413271?
7, 366344753
List the prime factors of 1526931463.
8209, 186007
List the prime factors of 811419322.
2, 7, 313, 3779
List the prime factors of 162908030.
2, 5, 3917, 4159
What are the prime factors of 114184133?
7, 16312019
List the prime factors of 124466123.
43, 2894561
List the prime factors of 63236728.
2, 7904591
List the prime factors of 846520550.
2, 5, 79, 214309
List the prime factors of 3608321018.
2, 13841, 130349
What are the prime factors of 548249002?
2, 7, 29, 1350367
List the prime factors of 105447149.
4969, 21221
List the prime factors of 6842238115.
5, 17, 80496919
What are the prime factors of 412647063?
3, 137549021
List the prime factors of 4017343056.
2, 3, 307, 272621
List the prime factors of 449133555.
3, 5, 13, 177173
List the prime factors of 191970047.
6091, 31517
What are the prime factors of 1071304169?
13, 31, 2658323
List the prime factors of 31997193.
3, 37, 113, 2551
List the prime factors of 35798237.
137, 261301
List the prime factors of 574422517.
29, 19807673
What are the prime factors of 1805164328?
2, 11, 20513231
What are the prime factors of 119665934?
2, 139, 430453
What are the prime factors of 37032924?
2, 3, 3086077
What are the prime factors of 1409646307?
17, 82920371
What are the prime factors of 1922887?
17, 113111
What are the prime factors of 658747578?
2, 3, 3733, 29411
List the prime factors of 360474344.
2, 1871, 24083
What are the prime factors of 53390390?
2, 5, 5339039
What are the prime factors of 57070423?
677, 84299
List the prime factors of 100639899.
3, 59, 189529
What are the prime factors of 84782448?
2, 3, 588767
What are the prime factors of 46800592?
2, 17, 73, 2357
List the prime factors of 257676007.
257676007
List the prime factors of 15542093.
7, 661, 3359
List the prime factors of 587847260.
2, 5, 7, 11, 13, 29363
What are the prime factors of 35890190?
2, 5, 7, 512717
What are the prime factors of 4241318342?
2, 2120659171
List the prime factors of 554766205.
5, 7, 15850463
What are the prime factors of 339738142?
2, 169869071
What are the prime factors of 171400915?
5, 7, 353, 13873
What are the prime factors of 171402966?
2, 3, 7, 50383
List the prime factors of 1096252992.
2, 3, 197, 9661
List the prime factors of 2746115530.
2, 5, 47, 5842799
List the prime factors of 34156400.
2, 5, 17, 5023
List the prime factors of 5732686988.
2, 7, 191, 153133
What are the prime factors of 3190430523?
3, 7, 21703609
What are the prime factors of 28305270?
2, 3, 5, 7, 179, 251
What are the prime factors of 405785035?
5, 81157007
What are the prime factors of 346557400?
2, 5, 7, 35363
List the prime factors of 99455862.
2, 3, 11, 1506907
What are the prime factors of 18592834?
2, 13, 715109
What are the prime factors of 1580851365?
3, 5, 105390091
List the prime factors of 86719172.
2, 67, 323579
List the prime factors of 93609459.
3, 59, 58763
List the prime factors of 56225121.
3, 563, 33289
What are the prime factors of 2778285336?
2, 3, 19, 6092731
List the prime factors of 203030925.
3, 5, 2707079
What are the prime factors of 70428097?
70428097
What are the prime factors of 39422527?
709, 55603
What are the prime factors of 218531753?
11, 17, 1168619
What are the prime factors of 3027361290?
2, 3, 5, 100912043
What are the prime factors of 1842575497?
7, 317, 830363
List the prime factors of 543199148.
2, 263, 516349
What are the prime factors of 219693141?
3, 904087
List the prime factors of 3035124425.
5, 41, 317, 9341
What are the prime factors of 1778923966?
2, 889461983
What are the prime factors of 6188710688?
2, 613, 315493
List the prime factors of 4521113132.
2, 41, 127, 217069
List the prime factors of 858027433.
463, 1853191
What are the prime factors of 1274725553?
1274725553
What are the prime factors of 482514014?
2, 53, 4552019
List the prime factors of 1342105108.
2, 23, 14588099
What are the prime factors of 93547000?
2, 5, 139, 673
What are the prime factors of 335100105?
3, 5, 383, 6481
List the prime factors of 368176477.
14159, 26003
List the prime factors of 76096191.
3, 25365397
What are the prime factors of 5781930582?
2, 3, 71, 13572607
List the prime factors of 3007566977.
3007566977
List the prime factors of 40343072.
2, 7, 11, 2339
List the prime factors of 731127119.
731127119
What are the prime factors of 39575652?
2, 3, 43, 76697
List the prime factors of 7902144.
2, 3, 17, 269
What are the prime factors of 26382400?
2, 5, 11, 1499
List the prime factors of 32686910.
2, 5, 23, 37, 167
List the prime factors of 67232625.
3, 5, 179287
List the prime factors of 678897230.
2, 5, 11, 6171793
List the prime factors of 150486144.
2, 3, 391891
List the prime factors of 24654506.
2, 37, 211, 1579
What are the prime factors of 722972180?
2, 5, 7, 5164087
List the prime factors of 1238235309.
3, 1487, 30841
List the prime factors of 1008582107.
13, 107, 725077
What are the prime factors of 2263249279?
491, 569, 8101
What are the prime factors of 89864313?
3, 7, 11, 389023
What are the prime factors of 29977509?
3, 1471, 6793
List the prime factors of 1576200998.
2, 788100499
What are the prime factors of 707689986?
2, 3, 1193, 98867
What are the prime factors of 467404711?
43, 10869877
What are the prime factors of 329264888?
2, 31, 467, 2843
List the prime factors of 145457331.
3, 19, 2551883
List the prime factors of 1205770534.
2, 6011, 100297
List the prime factors of 44618961.
3, 521, 28547
What are the prime factors of 21841610?
2, 5, 7, 312023
What are the prime factors of 11615129?
11615129
What are the prime factors of 1603173891?
3, 11, 431, 10247
What are the prime factors of 1213259687?
19, 6791, 9403
List the prime factors of 719277145.
5, 41, 3508669
List the prime factors of 3524703